?
d66d
In base 9, what is 3801062 + 21?
3801083
In base 12, what is 140166b1 - 0?
140166b1
In base 12, what is 164a - -5796?
7224
In base 4, what is -20000023 + 110301?
-13223122
In base 16, what is -1b7a7 - -25f?
-1b548
In base 13, what is -87 + -37a4?
-385b
In base 14, what is -39 - -11b4d?
11b14
In base 7, what is 3463411 - 1650?
3461431
In base 15, what is -3 + 162d59?
162d56
In base 16, what is 3 + 2bccb48?
2bccb4b
In base 3, what is 200212010221111 - -10?
200212010221121
In base 10, what is 4609560 - -1?
4609561
In base 10, what is 358344220 + 1?
358344221
In base 6, what is -1222455434 + -3?
-1222455441
In base 8, what is 207714 - -55?
207771
In base 13, what is 2abb + 41ba2?
44990
In base 11, what is 4044 + -2458?
1697
In base 4, what is -100103012133120 + 1?
-100103012133113
In base 12, what is 1730a68 + -3?
1730a65
In base 5, what is -4140 - 30300220?
-30304410
In base 13, what is -189 + b3492?
b3306
In base 9, what is -4041502755 + 1?
-4041502754
In base 15, what is -ad0 + 224?
-8ab
In base 8, what is 1 - -22423172?
22423173
In base 2, what is -1101101100111000110101 - -1?
-1101101100111000110100
In base 15, what is 2ac3 - 64b0?
-38dc
In base 5, what is -134200041 + 144?
-134144342
In base 5, what is -10 - -414214402?
414214342
In base 4, what is -10 - -2031320103312?
2031320103302
In base 16, what is 0 + -17d1b0b?
-17d1b0b
In base 16, what is 1bc45 + -2258?
199ed
In base 15, what is 395a4 + 3?
395a7
In base 11, what is 7 - -611342?
611349
In base 9, what is 626712001 + 3?
626712004
In base 10, what is -4650 - 13744?
-18394
In base 15, what is 162 + a3a94?
a3c06
In base 13, what is 1 - 458108b?
-458108a
In base 9, what is 10242 + -15166?
-4824
In base 3, what is -1121 + -1212002122120?
-1212002201011
In base 16, what is 4c1 - 21921?
-21460
In base 11, what is 26 - 176955?
-17692a
In base 5, what is 20300344442 + 11?
20300400003
In base 9, what is 1180465 + -11?
1180454
In base 6, what is 1 - -151512215?
151512220
In base 4, what is 3 + 1330020210133?
1330020210202
In base 10, what is -117 + 121883?
121766
In base 13, what is -1 + -21977ba?
-21977bb
In base 2, what is -101011000 + -1000000010010010101?
-1000000010111101101
In base 9, what is 175 - -5588418?
5588604
In base 4, what is 11121 + -10133200?
-10122013
In base 12, what is 3a9 - 1402?
-1015
In base 14, what is 2 + 739910?
739912
In base 3, what is 1011000210120110221 + -12?
1011000210120110202
In base 4, what is 1130 - 213300133111?
-213300131321
In base 11, what is -58 - 2881a?
-28877
In base 7, what is 4 + 2223561214?
2223561221
In base 3, what is 1002212202212111022 + 11?
1002212202212111110
In base 6, what is -11 - 13411503?
-13411514
In base 11, what is 4 - -15188?
15191
In base 12, what is 0 - -38168719?
38168719
In base 7, what is -101345131 + -1?
-101345132
In base 4, what is -30211002012321 - -3?
-30211002012312
In base 2, what is -1001001111000 + -110000001110100101?
-110001011000011101
In base 16, what is e74 + -2bc?
bb8
In base 5, what is 24333141131 - -2?
24333141133
In base 8, what is 6560707 - 51?
6560636
In base 6, what is 13035223 - -11?
13035234
In base 5, what is 10211111 - -1024?
10212140
In base 9, what is -5784443 - -141?
-5784302
In base 16, what is 5 + -2db11b1?
-2db11ac
In base 3, what is 11200112202120 + 12?
11200112202202
In base 6, what is 210204343241 + 1?
210204343242
In base 2, what is -1110110 - -100000010100000011101001?
100000010100000001110011
In base 5, what is 110202401 - 1000?
110201401
In base 16, what is -1e5 - 1c39be?
-1c3ba3
In base 12, what is 14baa44 - -73?
14baab7
In base 7, what is 322236 + -5165?
314041
In base 4, what is 101313 + 232102033?
232210012
In base 9, what is 10716 + -51731?
-41014
In base 15, what is -1 + -95b4578?
-95b4579
In base 7, what is 22114 + 12130?
34244
In base 8, what is -13 + -4756256?
-4756271
In base 3, what is -2020101021 + -2001110?
-2022102201
In base 8, what is -5162734 + 147?
-5162565
In base 9, what is 588 + -76708?
-76110
In base 13, what is -1 - -26826762?
26826761
In base 4, what is 2210032301222 + -2?
2210032301220
In base 16, what is 2 - 5c1b022?
-5c1b020
In base 16, what is -c77a58 - 0?
-c77a58
In base 5, what is -30330334 + 14?
-30330320
In base 9, what is 136 + 74424?
74561
In base 4, what is 1312232 + 3231212?
11210110
In base 14, what is 159574b + -3?
1595748
In base 4, what is -302 + 3220222211?
3220221303
In base 10, what is 80016671 + 3?
80016674
In base 4, what is 21112223202 + -2?
21112223200
In base 5, what is 311010104 + -13?
311010041
In base 10, what is 1157745 - -3?
1157748
In base 7, what is -262110 - 115633?
-411043
In base 10, what is 8108 - -1096?
9204
In base 14, what is 4 - 21a5b?
-21a57
In base 13, what is c8ba4 + -11b5?
c79bc
In base 9, what is 50240604 + -4?
50240600
In base 6, what is -10120503 - -53?
-10120410
In base 6, what is 1101 - 30422?
-25321
In base 4, what is -1313010 + -223120?
-2202130
In base 13, what is -1c52c + 50b?
-1c021
In base 13, what is -aba90 + 16?
-aba77
In base 16, what is -3 - bae36?
-bae39
In base 10, what is -5 - -856715?
856710
In base 7, what is -2166245 - 30?
-2166305
In base 5, what is 320000433 + -1040?
314444343
In base 4, what is -12032 - 22322320?
-23001012
In base 13, what is -1a - -3703c8?
3703ab
In base 6, what is -3254 - 53323?
-101021
In base 6, what is 25102310 - -1?
25102311
In base 3, what is -22 - -1001101210120100?
1001101210120001
In base 15, what is -29 + -3b2ca?
-3b304
In base 12, what is 6ab - -215a?
2849
In base 12, what is 1661 + 47b?
1b20
In base 8, what is 2051 + 7302?
11353
In base 13, what is -34 + 12b620?
12b5b9
In base 14, what is 29aaa8 + -4a?
29aa5c
In base 12, what is 6a789 - -43?
6a810
In base 10, what is -936 + -5863?
-6799
In base 9, what is 11868701 + -4?
11868686
In base 12, what is -14997194 + 4?
-14997190
In base 5, what is 21312004212 - 201?
21312004011
In base 7, what is 2 - 26635511?
-26635506
In base 14, what is -8bba - 88b?
-9667
In base 13, what is -2 + -63c0a1?
-63c0a3
In base 6, what is 14223 - -2145005?
2203232
In base 9, what is -1422 - 2207?
-3630
In base 6, what is 20 - 1320351445?
-1320351425
In base 6, what is -12404 - -21521?
5113
In base 9, what is 134265 + -1024?
133241
In base 7, what is 2064544 + -640?
2063604
In base 12, what is 3 - 47491b?
-474918
In base 10, what is -51008483 - -1?
-51008482
In base 16, what is 1c - 4e15a0?
-4e1584
In base 11, what is 146858240 - -5?
146858245
In base 8, what is 147063 + 2707?
151772
In base 11, what is -5 - 1075a968?
-1075a972
In base 16, what is -853a + 164?
-83d6
In base 7, what is -362641 + -110?
-363051
In base 14, what is 7966 + -457?
750d
In base 7, what is -35312 - 421245?
-456560
In base 7, what is 4 + 1050314453?
1050314460
In base 3, what is -1001021 + -2110220111?
-2111221202
In base 4, what is -1 + 102030020013?
102030020012
In base 7, what is 0 + -436106033?
-436106033
In base 12, what is b929895 - 3?
b929892
In base 3, what is -10 - 20211021111211?
-20211021111221
In base 14, what is 5 - bc88d5c?
-bc88d57
In base 9, what is 0 - 1153788?
-1153788
In base 3, what is 211220 + -121202210?
-120220220
In base 9, what is 5 + 24777053?
24777058
In base 5, what is -220 + -402414013?
-402414233
In base 15, what is -4 + 33911c?
339118
In base 2, what is -111111001110000000 - -10110?
-111111001101101010
In base 3, what is 22011 + -20122221222221?
-20122221200210
In base 2, what is 1100001100101001 + -1000010?
1100001011100111
In base 11, what is 44 - 73654?
-73610
In base 9, what is 732120 - -73?
732203
In base 9, what is -880304 + -133?
-880437
In base 9, what is -26 + -5011101?
-5011127
In base 5, what is -1010231 + -23300?
-1034031
In base 10, what is 2929 + -328126?
-325197
In base 11, what is 121486 - -984?
12235a
In base 14, what is a41da + -20?
a41ba
In base 16, what is -a3c80 - -2?
-a3c7e
In base 3, what is -1012122002 - -2211?
-1012112021
In base 13, what is -2374 + -360a?
-5981
In base 9, what is -258 - -1163163?
1162804
In base 2, what is -1111 - -101111001100000110?
101111001011110111
In base 14, what is 60b342 - 2?
60b340
In base 6, what is -1222234101 - 104?
-1222234205
In base 4, what is -112220331133 + 213?
-112220330320
In base 5, what is 33040 + 104001?
142041
In base 5, what is 2033 - 123101?
-121013
In base 11, what is 